6. Let b be z(21). What is the tens digit of (b + -6)/((-2)/v)?
0
Suppose 20 = -8*n + 3*n. Let k be (-420)/(-8)*n/(-6). Let s = k + 77. What is the hundreds digit of s?
1
Suppose 2*d - 2*v + 84 = 0, -7*d - 206 = -2*d - v. Let m(x) = -27*x - 428. What is the units digit of m(d)?
9
Let f(n) be the first derivative of -n**3/3 + 15*n**2 + 6*n + 113. What is the tens digit of f(14)?
3
Let g(l) be the second derivative of -187*l**3/3 + 12*l**2 - 22*l. Let x be g(-5). What is the hundreds digit of x/14 + 3/(-42)*4?
1
Let k(w) = -626*w - 29. Let f be k(-9). Suppose 18*r = f + 20243. What is the tens digit of r?
3
Let a(w) = 39*w**2 - 6*w + 21. Let q be a(7). Let n = -51 + q. What is the thousands digit of n?
1
Suppose -5*h + 4106 = -3*a, -171 = -h + 4*a + 657. Let q = 1356 - h. What is the hundreds digit of q?
5
Suppose 7 = -d, 8*f = 5*f - d + 34094. What is the ten thousands digit of f?
1
Suppose 5*s + 23 = 3*y - 8, -4 = 3*y + 2*s. Let k(p) = 84*p + 96. What is the units digit of k(y)?
4
Let l be 2 + -2 + 3 + (3 - -56). Let q be (-4 - (-92)/24) + l/12. Suppose -6*c = q*c - 1089. What is the tens digit of c?
9
Let p be (-8*4/(-32))/(3/36). Let l(h) = 68*h - 3. What is the tens digit of l(p)?
1
Let r = 55 + 570. Let o = -117 + r. What is the units digit of o?
8
Let g = 3784 + -1953. What is the tens digit of g?
3
Suppose 0 = 13*m - 2*m. Let f be m + (-5)/(5/3) + 3. Suppose f = -h + 87 + 5. What is the tens digit of h?
9
Let x be (-347070)/(-253) - (-4)/22. Let z be x/21 + 3/(-9). Let u = z + -34. What is the tens digit of u?
3
Suppose -4*g + 5*q + 142467 = 0, -2 = 4*q - 22. What is the thousands digit of g?
5
What is the tens digit of (-89382)/(-24) + -2*(-10)/(-80)?
2
What is the units digit of (10778 - -1 - -1) + (285 - 284)?
1
Let i = 43 - 43. Suppose i = -4*p + 177 - 37. Suppose p = c - 0*c. What is the tens digit of c?
3
Suppose 5*f = -5*d + 35, -2*d - 4*f - 20 = -6*d. Suppose d*b + 51 = 309. Let s = b - 26. What is the units digit of s?
7
Suppose -29664 = -78*x + 66*x. Let z = 3498 - x. What is the tens digit of z?
2
Suppose 7*d = 8*d - 936. Suppose d = l + 26. What is the hundreds digit of l?
9
What is the thousands digit of (96/10)/(243/49410)?
1
Let p be 4/(-16) + 0 + 2/8. Let u be (964 + 2)/(-1 + 2). Suppose 14*c - u - 1554 = p. What is the tens digit of c?
8
Suppose -341*z + 344*z = -4*a + 8824, -4*a + 11764 = 4*z. What is the tens digit of z?
4
Suppose 5*b = 20, -4 = -4*r + 5*b - 12. Suppose 6*g = r*g - 63. Let o = g + 190. What is the tens digit of o?
6
Let y be ((294/8)/(-7))/((-12)/1136). Suppose y*o = 496*o + 649. What is the hundreds digit of o?
6
Let w(y) = 7*y - 173. Let v be w(26). Suppose -v*x - 47 + 6932 = 0. What is the tens digit of x?
6
Suppose 13*t = -4*r + 11*t + 122018, 4*r - 2*t - 122006 = 0. Suppose 78899 = 37*j + r. What is the hundreds digit of j?
3
Let d(x) = -34*x - 35. Suppose 0 = 2*i + 3*a - 4 + 1, -3*i - 28 = -2*a. What is the hundreds digit of d(i)?
1
What is the units digit of 13 - 23 - -7985 - 0?
5
Let r(m) = 753*m - 485. What is the hundreds digit of r(12)?
5
What is the thousands digit of 30232 - (1/6)/(15/270)?
0
Let j(f) = -91*f**3 + 3*f**2 + 8*f + 4. Suppose -5*u - 9 = 2*s, 9*u - 7*u = 5*s + 8. What is the units digit of j(s)?
8
Let a(d) = -d + 8. Let o be a(6). Suppose 2*w = -f + o, -1 + 6 = w. Let t = 27 - f. What is the units digit of t?
5
Let p = 64705 - 32949. What is the hundreds digit of p?
7
What is the units digit of 8*-1*(8/(-28) + (-472072)/224)?
2
Suppose -16*n - 360 = -12*n. Let l be 72/18*(n/4 + 1). Let k = l - -97. What is the units digit of k?
1
Let x(o) = 29*o**2 - 8 - 4*o - 9*o**3 - 19*o**2 - 12*o**2 + 1. What is the tens digit of x(-4)?
5
Suppose 31 - 16 = -i. Let n = 175 - i. What is the units digit of (2 + (-166)/(-4))*n/57?
5
Suppose 389*t + 91*t - 7950720 = 0. What is the units digit of t?
4
Let y = 623 - 621. Suppose -5*n + 7*f + 852 = 3*f, 0 = 2*n - y*f - 342. What is the units digit of n?
8
Let h = -10584 + 20497. What is the thousands digit of h?
9
Let b = 97 - 95. Suppose m = q + b*m - 229, -4*q + 3*m + 902 = 0. Let z = -133 + q. What is the tens digit of z?
9
Let v be ((-6)/(-15))/(2/20). Let z be v/16 + (-795)/(-20). Suppose -z = -x - 3*x. What is the units digit of x?
0
Let r = 14318 + -10209. What is the hundreds digit of r?
1
Let s be -2 - 1/((-8)/2464). What is the units digit of (-11)/(-9) + -1 + 360400/s?
8
Let w(a) = a + 9. Let u be w(-7). Suppose u*i + 3 = -3*z, -5*z - 16 = -4*i + 11. Suppose 6 = -i*c + 18. What is the units digit of c?
4
Let t(y) = y + 18. Let x = 7 - 23. Let h be t(x). Suppose -h*k = -38 - 32. What is the units digit of k?
5
Suppose -4*g + 19 - 23 = 0, 1774 = -3*n - 4*g. What is the units digit of (n + 2 - 1)*-1?
9
Let f = 9628 - -2051. What is the tens digit of f?
7
What is the tens digit of 222/(-14)*-137 + (-10 - 1924/(-182))?
7
Let p(i) = 2*i**2 + 3*i - 4. Suppose 0 = -t - 9 - 5. Let v be p(t). Suppose -5*c - v = -5*x - c, 2*c + 208 = 3*x. What is the tens digit of x?
7
Let z be -7*(-54)/63 + 19. Let n(v) = 2*v**2 - 44*v - 49. What is the tens digit of n(z)?
0
Suppose 841 = -5*y + 3*g, 0 = -y - y - 4*g - 326. Let r = y - -175. What is the units digit of r?
8
Suppose -15*t + 7 + 188 = 0. Let z(w) = w**3 - 5*w**2 - 11*w + 57. What is the tens digit of z(t)?
6
Let s = 126 - 123. Let h be ((-1)/s)/((10/(-6))/(-5)). What is the hundreds digit of (h + (6 - 6))*(1 + -168)?
1
Let b be ((-1 - -2)/(-2))/(38/31084). Let t = b + 711. What is the tens digit of t?
0
Let d = 852 + 214. Suppose -3*n - 513 = -2*j, -4*j - 4*n = -2*n - d. Suppose -4*b + j = 4*a, -7*a = -4*a + b - 192. What is the tens digit of a?
6
Suppose -3*q = -5*q - 80. Let x(r) = r**3 + 7*r**2 - 8*r - 4. Let z be x(-8). What is the units digit of (-330)/z*(-32)/q?
6
Let z = 203 - 189. What is the units digit of ((-38)/8*-2)/(z/364)?
7
Let f(r) = -2*r - 31. Let n be f(-18). Let i(p) = 17 - n + 27 - 3 + p. What is the tens digit of i(0)?
3
Let f = 25348 + -2894. What is the hundreds digit of f?
4
Suppose -5*n + 2 = -3. Let j be 1*(-16 - (n + 1)). Let q(y) = y**2 + 15*y - 11. What is the units digit of q(j)?
3
What is the hundreds digit of (9/(-4))/(132/(-12320))?
2
Let g = 20810 - 12841. What is the tens digit of g?
6
Let k be (0/(-78))/(1*2*1). Suppose -360 = -2*r - 2*r. Suppose -5 = -p, k*p + r = w - 2*p. What is the tens digit of w?
0
Let q(w) be the third derivative of -w**6/120 - 7*w**5/30 - 4*w**4/3 + 16*w**3/3 - 45*w**2. What is the units digit of q(-15)?
7
Suppose -10*z + 5157 = 747. Suppose 432 = 2*o + 2*b, 2*o - 9 - z = 4*b. What is the hundreds digit of o?
2
Let a(n) = 14*n**2 + 5*n + 8. Let y(q) = 1. Let w(v) = a(v) - 3*y(v). What is the tens digit of w(-4)?
0
Let g(w) = w**2 + 22*w + 85. Let n be g(-17). Suppose n = 7*o + 833 - 6118. What is the tens digit of o?
5
Let p(w) = -152*w + 2759. What is the ten thousands digit of p(-98)?
1
Suppose -42*m + 37*m = 0. Suppose 5*y - 2*t - 2086 = m, 12 = -3*t + 3. What is the tens digit of y?
1
Suppose -3*a - 26 - 13 = -3*d, 3*a = d - 15. Suppose 28 + d = 10*p. Suppose -2*y - 758 = -p*t, 5*t + 0*y + y = 965. What is the units digit of t?
2
Let b(c) = -4*c**2 - 36*c + 4. Let u be b(-9). Let j(x) = 9*x - u*x**2 - x**3 + 2 + 2 + x. What is the units digit of j(-7)?
1
Suppose o - 165 = -160. What is the units digit of 3032/o + 6/(-15)?
6
Let s(o) = 14*o**3 + o**2 + 2*o - 2. Let r be s(1). Let n(w) = w**2 - 18*w - 25. Let i be n(r). What is the units digit of (8/(-5))/(14/i)?
8
Let z = 626 - 618. Suppose 3971 = -z*d + 16059. What is the units digit of d?
1
What is the tens digit of (0 - -2)*(-149)/(-2682) - 36052/(-18)?
0
Suppose -15 = 5*g - 0*g. Let i = g - -40. Let p = 42 + i. What is the tens digit of p?
7
Suppose -2*t = 4*u - 66704, 3*t - 4605 - 12086 = -u. What is the units digit of u?
3
Let a(l) = l**3 + 6*l**2 + 7*l + 8. Let u be a(-5). Let q be (-5)/(-10) - 271/u. Let d = -63 + q. What is the tens digit of d?
7
Suppose -2*o - 21 = 5*o. Let c(l) = -4*l**2 - 3*l - 10. Let g be c(o). Let n = 181 + g. What is the tens digit of n?
4
Let t(m) = -m. Let r(w) = -w**3 + 7*w**2 - 6*w - 2. Let i be r(6). Let p(n) = -13*n - 23. Let u(a) = i*t(a) - p(a). What is the units digit of u(4)?
3
Let z = -21389 - -34411. What is the units digit of z?
2
Let g